{"id":2308,"date":"2023-01-21T16:16:00","date_gmt":"2023-01-21T16:16:00","guid":{"rendered":"https:\/\/www.kanu-finow.de\/?page_id=2308"},"modified":"2023-01-21T16:19:27","modified_gmt":"2023-01-21T16:19:27","slug":"seniorensportgruppe-sv-stahl-finow-e-v-abteilung-kanu-im-jahre-2022","status":"publish","type":"page","link":"https:\/\/www.kanu-finow.de\/?page_id=2308","title":{"rendered":"Seniorensportgruppe"},"content":{"rendered":"\n<p>Die Seniorensportgruppe ist nach wie vor neben dem regelm\u00e4\u00dfigen&nbsp;Dienstagssport auch weiterhin mit einigen Sportfreunden aktiv. Die Sportstunde wird immer sehr ernst, unter der Anleitung von Spotfreundin Celina Schreihage und Sportfreund Thomas Klink&nbsp; genommen.<\/p>\n\n\n\n<p>Im Jahre 2022 wurde eine Radpartie mit 5 Teilnehmern im Juni zum Hebewerk entlang des Treidelwegs am Finowkanal gestartet. Durch Sportfreund Steinh\u00e4user wurden Erkl\u00e4rungen zur Gestaltung der herrlichen Natur gegeben, wo damit Radfahrpausen eingelegt werden konnten. Der R\u00fcckweg ging durch die M\u00f6nchsheide nach Sandkrug zum neu geschaffenen M\u00fchlenrad an der Rag\u00f6se. Diese Anlage, geschaffen von der Fa. Glawion, war doch sehr beeindruckend. Die Tour endete in Richtung Eberswalde entlang des Oder-Havel-Kanal mit sehr guten Eindr\u00fccken.<\/p>\n\n\n\n<figure class=\"wp-block-gallery has-nested-images columns-2 is-cropped wp-block-gallery-1 is-layout-flex wp-block-gallery-is-layout-flex\">\n<figure class=\"wp-block-image size-large is-style-default\"><img loading=\"lazy\" decoding=\"async\" width=\"1024\" height=\"471\" data-id=\"2312\" src=\"https:\/\/www.kanu-finow.de\/wp-content\/uploads\/2023\/01\/IMG_20220616_130833-1024x471.jpg\" alt=\"\" class=\"wp-image-2312\" srcset=\"https:\/\/www.kanu-finow.de\/wp-content\/uploads\/2023\/01\/IMG_20220616_130833-1024x471.jpg 1024w, https:\/\/www.kanu-finow.de\/wp-content\/uploads\/2023\/01\/IMG_20220616_130833-300x138.jpg 300w, https:\/\/www.kanu-finow.de\/wp-content\/uploads\/2023\/01\/IMG_20220616_130833-768x353.jpg 768w, https:\/\/www.kanu-finow.de\/wp-content\/uploads\/2023\/01\/IMG_20220616_130833-1536x707.jpg 1536w, https:\/\/www.kanu-finow.de\/wp-content\/uploads\/2023\/01\/IMG_20220616_130833-2048x942.jpg 2048w\" sizes=\"auto, (max-width: 1024px) 100vw, 1024px\" \/><\/figure>\n\n\n\n<figure class=\"wp-block-image size-large is-style-default\"><img loading=\"lazy\" decoding=\"async\" width=\"1024\" height=\"471\" data-id=\"2310\" src=\"https:\/\/www.kanu-finow.de\/wp-content\/uploads\/2023\/01\/IMG_20220616_130842-1024x471.jpg\" alt=\"\" class=\"wp-image-2310\" srcset=\"https:\/\/www.kanu-finow.de\/wp-content\/uploads\/2023\/01\/IMG_20220616_130842-1024x471.jpg 1024w, https:\/\/www.kanu-finow.de\/wp-content\/uploads\/2023\/01\/IMG_20220616_130842-300x138.jpg 300w, https:\/\/www.kanu-finow.de\/wp-content\/uploads\/2023\/01\/IMG_20220616_130842-768x353.jpg 768w, https:\/\/www.kanu-finow.de\/wp-content\/uploads\/2023\/01\/IMG_20220616_130842-1536x707.jpg 1536w, https:\/\/www.kanu-finow.de\/wp-content\/uploads\/2023\/01\/IMG_20220616_130842-2048x942.jpg 2048w\" sizes=\"auto, (max-width: 1024px) 100vw, 1024px\" \/><\/figure>\n\n\n\n<figure class=\"wp-block-image size-large is-style-default\"><img loading=\"lazy\" decoding=\"async\" width=\"1024\" height=\"471\" data-id=\"2313\" src=\"https:\/\/www.kanu-finow.de\/wp-content\/uploads\/2023\/01\/IMG_20220616_131041-1024x471.jpg\" alt=\"\" class=\"wp-image-2313\" srcset=\"https:\/\/www.kanu-finow.de\/wp-content\/uploads\/2023\/01\/IMG_20220616_131041-1024x471.jpg 1024w, https:\/\/www.kanu-finow.de\/wp-content\/uploads\/2023\/01\/IMG_20220616_131041-300x138.jpg 300w, https:\/\/www.kanu-finow.de\/wp-content\/uploads\/2023\/01\/IMG_20220616_131041-768x353.jpg 768w, https:\/\/www.kanu-finow.de\/wp-content\/uploads\/2023\/01\/IMG_20220616_131041-1536x707.jpg 1536w, https:\/\/www.kanu-finow.de\/wp-content\/uploads\/2023\/01\/IMG_20220616_131041-2048x942.jpg 2048w\" sizes=\"auto, (max-width: 1024px) 100vw, 1024px\" \/><\/figure>\n\n\n\n<figure class=\"wp-block-image size-large is-style-default\"><img loading=\"lazy\" decoding=\"async\" width=\"1024\" height=\"471\" data-id=\"2311\" src=\"https:\/\/www.kanu-finow.de\/wp-content\/uploads\/2023\/01\/IMG_20220616_143519-1024x471.jpg\" alt=\"\" class=\"wp-image-2311\" srcset=\"https:\/\/www.kanu-finow.de\/wp-content\/uploads\/2023\/01\/IMG_20220616_143519-1024x471.jpg 1024w, https:\/\/www.kanu-finow.de\/wp-content\/uploads\/2023\/01\/IMG_20220616_143519-300x138.jpg 300w, https:\/\/www.kanu-finow.de\/wp-content\/uploads\/2023\/01\/IMG_20220616_143519-768x353.jpg 768w, https:\/\/www.kanu-finow.de\/wp-content\/uploads\/2023\/01\/IMG_20220616_143519-1536x707.jpg 1536w, https:\/\/www.kanu-finow.de\/wp-content\/uploads\/2023\/01\/IMG_20220616_143519-2048x942.jpg 2048w\" sizes=\"auto, (max-width: 1024px) 100vw, 1024px\" \/><\/figure>\n\n\n\n<figure class=\"wp-block-image size-large is-style-default\"><img loading=\"lazy\" decoding=\"async\" width=\"1024\" height=\"471\" data-id=\"2315\" src=\"https:\/\/www.kanu-finow.de\/wp-content\/uploads\/2023\/01\/IMG_20220616_143655-1024x471.jpg\" alt=\"\" class=\"wp-image-2315\" srcset=\"https:\/\/www.kanu-finow.de\/wp-content\/uploads\/2023\/01\/IMG_20220616_143655-1024x471.jpg 1024w, https:\/\/www.kanu-finow.de\/wp-content\/uploads\/2023\/01\/IMG_20220616_143655-300x138.jpg 300w, https:\/\/www.kanu-finow.de\/wp-content\/uploads\/2023\/01\/IMG_20220616_143655-768x353.jpg 768w, https:\/\/www.kanu-finow.de\/wp-content\/uploads\/2023\/01\/IMG_20220616_143655-1536x707.jpg 1536w, https:\/\/www.kanu-finow.de\/wp-content\/uploads\/2023\/01\/IMG_20220616_143655-2048x942.jpg 2048w\" sizes=\"auto, (max-width: 1024px) 100vw, 1024px\" \/><\/figure>\n<\/figure>\n\n\n\n<p>Wie die Jahre zuvor, wurde ein Sommerfest am Werbellinsee durchgef\u00fchrt. Jeder brachte liebevoll zubereitete Speisen u. Getr\u00e4nke mit, die bei guter Stimmung verzehrt wurden.<\/p>\n\n\n\n<figure class=\"wp-block-gallery has-nested-images columns-default is-cropped wp-block-gallery-2 is-layout-flex wp-block-gallery-is-layout-flex\">\n<figure class=\"wp-block-image size-large is-style-default\"><img loading=\"lazy\" decoding=\"async\" width=\"1024\" height=\"471\" data-id=\"2319\" src=\"https:\/\/www.kanu-finow.de\/wp-content\/uploads\/2023\/01\/IMG_20220830_193940-1024x471.jpg\" alt=\"\" class=\"wp-image-2319\" srcset=\"https:\/\/www.kanu-finow.de\/wp-content\/uploads\/2023\/01\/IMG_20220830_193940-1024x471.jpg 1024w, https:\/\/www.kanu-finow.de\/wp-content\/uploads\/2023\/01\/IMG_20220830_193940-300x138.jpg 300w, https:\/\/www.kanu-finow.de\/wp-content\/uploads\/2023\/01\/IMG_20220830_193940-768x353.jpg 768w, https:\/\/www.kanu-finow.de\/wp-content\/uploads\/2023\/01\/IMG_20220830_193940-1536x707.jpg 1536w, https:\/\/www.kanu-finow.de\/wp-content\/uploads\/2023\/01\/IMG_20220830_193940-2048x942.jpg 2048w\" sizes=\"auto, (max-width: 1024px) 100vw, 1024px\" \/><\/figure>\n\n\n\n<figure class=\"wp-block-image size-large is-style-default\"><img loading=\"lazy\" decoding=\"async\" width=\"1024\" height=\"471\" data-id=\"2320\" src=\"https:\/\/www.kanu-finow.de\/wp-content\/uploads\/2023\/01\/IMG_20220830_194017-1024x471.jpg\" alt=\"\" class=\"wp-image-2320\" srcset=\"https:\/\/www.kanu-finow.de\/wp-content\/uploads\/2023\/01\/IMG_20220830_194017-1024x471.jpg 1024w, https:\/\/www.kanu-finow.de\/wp-content\/uploads\/2023\/01\/IMG_20220830_194017-300x138.jpg 300w, https:\/\/www.kanu-finow.de\/wp-content\/uploads\/2023\/01\/IMG_20220830_194017-768x353.jpg 768w, https:\/\/www.kanu-finow.de\/wp-content\/uploads\/2023\/01\/IMG_20220830_194017-1536x707.jpg 1536w, https:\/\/www.kanu-finow.de\/wp-content\/uploads\/2023\/01\/IMG_20220830_194017-2048x942.jpg 2048w\" sizes=\"auto, (max-width: 1024px) 100vw, 1024px\" \/><\/figure>\n\n\n\n<figure class=\"wp-block-image size-large is-style-default\"><img loading=\"lazy\" decoding=\"async\" width=\"1024\" height=\"471\" data-id=\"2321\" src=\"https:\/\/www.kanu-finow.de\/wp-content\/uploads\/2023\/01\/IMG_20220830_194027-1024x471.jpg\" alt=\"\" class=\"wp-image-2321\" srcset=\"https:\/\/www.kanu-finow.de\/wp-content\/uploads\/2023\/01\/IMG_20220830_194027-1024x471.jpg 1024w, https:\/\/www.kanu-finow.de\/wp-content\/uploads\/2023\/01\/IMG_20220830_194027-300x138.jpg 300w, https:\/\/www.kanu-finow.de\/wp-content\/uploads\/2023\/01\/IMG_20220830_194027-768x353.jpg 768w, https:\/\/www.kanu-finow.de\/wp-content\/uploads\/2023\/01\/IMG_20220830_194027-1536x707.jpg 1536w, https:\/\/www.kanu-finow.de\/wp-content\/uploads\/2023\/01\/IMG_20220830_194027-2048x942.jpg 2048w\" sizes=\"auto, (max-width: 1024px) 100vw, 1024px\" \/><\/figure>\n\n\n\n<figure class=\"wp-block-image size-large is-style-default\"><img loading=\"lazy\" decoding=\"async\" width=\"1024\" height=\"768\" data-id=\"2316\" src=\"https:\/\/www.kanu-finow.de\/wp-content\/uploads\/2023\/01\/IMG-20220904-WA0011-1024x768.jpg\" alt=\"\" class=\"wp-image-2316\" srcset=\"https:\/\/www.kanu-finow.de\/wp-content\/uploads\/2023\/01\/IMG-20220904-WA0011-1024x768.jpg 1024w, https:\/\/www.kanu-finow.de\/wp-content\/uploads\/2023\/01\/IMG-20220904-WA0011-300x225.jpg 300w, https:\/\/www.kanu-finow.de\/wp-content\/uploads\/2023\/01\/IMG-20220904-WA0011-768x576.jpg 768w, https:\/\/www.kanu-finow.de\/wp-content\/uploads\/2023\/01\/IMG-20220904-WA0011-1536x1152.jpg 1536w, https:\/\/www.kanu-finow.de\/wp-content\/uploads\/2023\/01\/IMG-20220904-WA0011.jpg 1600w\" sizes=\"auto, (max-width: 1024px) 100vw, 1024px\" \/><\/figure>\n\n\n\n<figure class=\"wp-block-image size-large is-style-default\"><img loading=\"lazy\" decoding=\"async\" width=\"1024\" height=\"768\" data-id=\"2317\" src=\"https:\/\/www.kanu-finow.de\/wp-content\/uploads\/2023\/01\/IMG-20220904-WA0012-1024x768.jpg\" alt=\"\" class=\"wp-image-2317\" srcset=\"https:\/\/www.kanu-finow.de\/wp-content\/uploads\/2023\/01\/IMG-20220904-WA0012-1024x768.jpg 1024w, https:\/\/www.kanu-finow.de\/wp-content\/uploads\/2023\/01\/IMG-20220904-WA0012-300x225.jpg 300w, https:\/\/www.kanu-finow.de\/wp-content\/uploads\/2023\/01\/IMG-20220904-WA0012-768x576.jpg 768w, https:\/\/www.kanu-finow.de\/wp-content\/uploads\/2023\/01\/IMG-20220904-WA0012-1536x1152.jpg 1536w, https:\/\/www.kanu-finow.de\/wp-content\/uploads\/2023\/01\/IMG-20220904-WA0012.jpg 1600w\" sizes=\"auto, (max-width: 1024px) 100vw, 1024px\" \/><\/figure>\n\n\n\n<figure class=\"wp-block-image size-large is-style-default\"><img loading=\"lazy\" decoding=\"async\" width=\"1024\" height=\"768\" data-id=\"2318\" src=\"https:\/\/www.kanu-finow.de\/wp-content\/uploads\/2023\/01\/IMG-20220904-WA0013-1024x768.jpg\" alt=\"\" class=\"wp-image-2318\" srcset=\"https:\/\/www.kanu-finow.de\/wp-content\/uploads\/2023\/01\/IMG-20220904-WA0013-1024x768.jpg 1024w, https:\/\/www.kanu-finow.de\/wp-content\/uploads\/2023\/01\/IMG-20220904-WA0013-300x225.jpg 300w, https:\/\/www.kanu-finow.de\/wp-content\/uploads\/2023\/01\/IMG-20220904-WA0013-768x576.jpg 768w, https:\/\/www.kanu-finow.de\/wp-content\/uploads\/2023\/01\/IMG-20220904-WA0013-1536x1152.jpg 1536w, https:\/\/www.kanu-finow.de\/wp-content\/uploads\/2023\/01\/IMG-20220904-WA0013.jpg 2048w\" sizes=\"auto, (max-width: 1024px) 100vw, 1024px\" \/><\/figure>\n<\/figure>\n\n\n\n<p>Weitere Aktivit\u00e4ten waren Paddeltouren vom Bootshaus am Werbellinsee zum Bootshaus am Finowkanal mit Gerd, Reiner u. Klaus, sowie Schleusenfahrten bis Stechersschleuse und eine Tour durch den Langen Tr\u00f6del nach Liebenwalde.<\/p>\n\n\n\n<p>Selbstverst\u00e4ndlich sind die angesetzten Arbeitseins\u00e4tze an beiden Bootsh\u00e4usern f\u00fcr die Seniorensportler normal, um den Erhalt als Kinder und Jugendsporteinrichtung zu sichern. Letztendlich sind alle Nutznie\u00dfer. Ebenso wird der Kraftraum von einigen Sportfreunden regelm\u00e4\u00dfig genutzt. Es wird auch aktiv an Reparatur-u. Versch\u00f6nerungsarbeiten an den Einrichtungen mitgewirkt, so dass alle immer gute Bedingungen vorfinden. Ein Besuch in den sch\u00f6nen Zoo und der Landesgartenschau in Beelitz wurde durchgef\u00fchrt. Auch ein Besuch nach Zollbr\u00fccke zum \u201eTheater am Rand\u201c war ein tolles Erlebnis. <\/p>\n\n\n\n<figure class=\"wp-block-gallery has-nested-images columns-default is-cropped wp-block-gallery-3 is-layout-flex wp-block-gallery-is-layout-flex\">\n<figure class=\"wp-block-image size-large is-style-default\"><img loading=\"lazy\" decoding=\"async\" width=\"305\" height=\"408\" data-id=\"2322\" src=\"https:\/\/www.kanu-finow.de\/wp-content\/uploads\/2023\/01\/ZOO-1.jpg\" alt=\"\" class=\"wp-image-2322\" srcset=\"https:\/\/www.kanu-finow.de\/wp-content\/uploads\/2023\/01\/ZOO-1.jpg 305w, https:\/\/www.kanu-finow.de\/wp-content\/uploads\/2023\/01\/ZOO-1-224x300.jpg 224w\" sizes=\"auto, (max-width: 305px) 100vw, 305px\" \/><\/figure>\n\n\n\n<figure class=\"wp-block-image size-large is-style-default\"><img loading=\"lazy\" decoding=\"async\" width=\"303\" height=\"403\" data-id=\"2323\" src=\"https:\/\/www.kanu-finow.de\/wp-content\/uploads\/2023\/01\/Zoo-2.jpg\" alt=\"\" class=\"wp-image-2323\" srcset=\"https:\/\/www.kanu-finow.de\/wp-content\/uploads\/2023\/01\/Zoo-2.jpg 303w, https:\/\/www.kanu-finow.de\/wp-content\/uploads\/2023\/01\/Zoo-2-226x300.jpg 226w\" sizes=\"auto, (max-width: 303px) 100vw, 303px\" \/><\/figure>\n<\/figure>\n\n\n\n<p>Gro\u00dfen Anteil haben die Senioren bei der Durchf\u00fchrung des Schw\u00e4rzeseelauf. Als Streckenvorbereiter, Streckenposten und Versorger sind sie gar nicht weg zu denken.<\/p>\n\n\n\n<figure class=\"wp-block-gallery has-nested-images columns-default is-cropped wp-block-gallery-4 is-layout-flex wp-block-gallery-is-layout-flex\">\n<figure class=\"wp-block-image size-large is-style-default\"><img loading=\"lazy\" decoding=\"async\" width=\"358\" height=\"349\" data-id=\"2326\" src=\"https:\/\/www.kanu-finow.de\/wp-content\/uploads\/2023\/01\/Bild-Schwaerzeseelauf-1.jpg\" alt=\"\" class=\"wp-image-2326\" srcset=\"https:\/\/www.kanu-finow.de\/wp-content\/uploads\/2023\/01\/Bild-Schwaerzeseelauf-1.jpg 358w, https:\/\/www.kanu-finow.de\/wp-content\/uploads\/2023\/01\/Bild-Schwaerzeseelauf-1-300x292.jpg 300w\" sizes=\"auto, (max-width: 358px) 100vw, 358px\" \/><\/figure>\n\n\n\n<figure class=\"wp-block-image size-large is-style-default\"><img loading=\"lazy\" decoding=\"async\" width=\"300\" height=\"300\" data-id=\"2325\" src=\"https:\/\/www.kanu-finow.de\/wp-content\/uploads\/2023\/01\/Vereinslogo.png\" alt=\"\" class=\"wp-image-2325\" srcset=\"https:\/\/www.kanu-finow.de\/wp-content\/uploads\/2023\/01\/Vereinslogo.png 300w, https:\/\/www.kanu-finow.de\/wp-content\/uploads\/2023\/01\/Vereinslogo-150x150.png 150w\" sizes=\"auto, (max-width: 300px) 100vw, 300px\" \/><\/figure>\n<\/figure>\n\n\n\n<p><strong>Alles im Allem, man kann auf eine Vielzahl von Aktivit\u00e4ten zur\u00fcckblicken, die immer Frohsinn und gute Laune mit sich bringen und f\u00fcr ein aktives Vereinsleben sorgen.<\/strong><\/p>\n\n\n\n<p><strong>Klaus Steinh\u00e4user<\/strong><\/p>\n","protected":false},"excerpt":{"rendered":"<p>Die Seniorensportgruppe ist nach wie vor neben dem regelm\u00e4\u00dfigen&nbsp;Dienstagssport auch weiterhin mit einigen Sportfreunden aktiv. Die Sportstunde wird immer sehr ernst, unter der Anleitung von Spotfreundin Celina Schreihage und Sportfreund Thomas Klink&nbsp; genommen. Im Jahre 2022 wurde eine Radpartie mit 5 Teilnehmern im Juni zum Hebewerk entlang des Treidelwegs am Finowkanal gestartet. Durch Sportfreund Steinh\u00e4user..<\/p>\n<p><a class=\"btn btn-default read-more\" href=\"https:\/\/www.kanu-finow.de\/?page_id=2308\">Read more <span class=\"fa fa-angle-right\"><\/span><\/a><\/p>\n","protected":false},"author":6,"featured_media":0,"parent":2304,"menu_order":0,"comment_status":"closed","ping_status":"closed","template":"templates\/no-sidebar.php","meta":{"footnotes":""},"class_list":["post-2308","page","type-page","status-publish","hentry"],"_links":{"self":[{"href":"https:\/\/www.kanu-finow.de\/index.php?rest_route=\/wp\/v2\/pages\/2308","targetHints":{"allow":["GET"]}}],"collection":[{"href":"https:\/\/www.kanu-finow.de\/index.php?rest_route=\/wp\/v2\/pages"}],"about":[{"href":"https:\/\/www.kanu-finow.de\/index.php?rest_route=\/wp\/v2\/types\/page"}],"author":[{"embeddable":true,"href":"https:\/\/www.kanu-finow.de\/index.php?rest_route=\/wp\/v2\/users\/6"}],"replies":[{"embeddable":true,"href":"https:\/\/www.kanu-finow.de\/index.php?rest_route=%2Fwp%2Fv2%2Fcomments&post=2308"}],"version-history":[{"count":2,"href":"https:\/\/www.kanu-finow.de\/index.php?rest_route=\/wp\/v2\/pages\/2308\/revisions"}],"predecessor-version":[{"id":2330,"href":"https:\/\/www.kanu-finow.de\/index.php?rest_route=\/wp\/v2\/pages\/2308\/revisions\/2330"}],"up":[{"embeddable":true,"href":"https:\/\/www.kanu-finow.de\/index.php?rest_route=\/wp\/v2\/pages\/2304"}],"wp:attachment":[{"href":"https:\/\/www.kanu-finow.de\/index.php?rest_route=%2Fwp%2Fv2%2Fmedia&parent=2308"}],"curies":[{"name":"wp","href":"https:\/\/api.w.org\/{rel}","templated":true}]}}