{"id":336,"date":"2018-02-25T21:33:43","date_gmt":"2018-02-25T20:33:43","guid":{"rendered":"http:\/\/dirkw.www7.telta.de\/?page_id=336"},"modified":"2025-01-08T08:22:57","modified_gmt":"2025-01-08T08:22:57","slug":"wasserwandern","status":"publish","type":"page","link":"https:\/\/www.kanu-finow.de\/?page_id=336","title":{"rendered":"Wasserwandern"},"content":{"rendered":"\n<p>20 Jahre Wasserwander Gruppe des SV Stahl Finow<\/p>\n\n\n\n<p>Die Gruppe der Wasserwanderer des SV Stahl Finow gr\u00fcndete sich im Jahr 2002 auf Initiative von Uwe Schadwinkel.<\/p>\n\n\n\n<p>\u201e W\u00e4hrend meiner aktiven Zeit als Rennkanute paddelte ich unz\u00e4hlige Runden auf dem Finowkanal, dem Hausgew\u00e4sser unseres Vereins\u201c.<\/p>\n\n\n\n<p>In diesen Jahren wuchs in mir die Verbundenheit mit dem alten Finowkanal.<\/p>\n\n\n\n<p>Mit zunehmenden Alter wich der sportliche Ehrgeiz dem Blick f\u00fcr die Natur.<\/p>\n\n\n\n<p>Im Jahr 1997 erwarben meine Frau und ich unser erstes Wander- Boot.<\/p>\n\n\n\n<p>Unsere Wahl fiel auf einen Lettmann- Zweier.<\/p>\n\n\n\n<p>Im Laufe der Zeit wuchs auch bei anderen Kanuten das Interesse am Wasser \u2013 Wandern.<\/p>\n\n\n\n<p>Mein Anspruch war und ist es, auch weiterhin, den Freizeit- Paddlern&nbsp; die Gew\u00e4sser fern des Finowkanals und des Werbellinsee bekannt zu machen.<\/p>\n\n\n\n<p>Noch heute erinnern sich die Mitglieder unserer Gruppe gern an Touren auf den Feldberger Seen, den Gew\u00e4ssern um Templin und Lychen, aber auch auf den Kleinfl\u00fcssen wie den Rhin, den K\u00fcstriner Bach und der Uecker hatten wir Spa\u00df.<\/p>\n\n\n\n<p>Die Tour auf dem alten Finow- Kanal mit seinen morbiden Schleusen hat sich in Laufe vieler Jahre zu&nbsp; einem beliebten Gemeinschafts- Erlebnis etabliert.<\/p>\n\n\n\n<p>Nat\u00fcrlich er\u00f6ffnen und beschlie\u00dfen wir die jeweilige Paddelsaison mit einem Ausflug auf dem Werbellinsee, unserem Haus- See.<\/p>\n\n\n\n<p>Wasserwander- Wart<\/p>\n\n\n\n<p>Uwe Schadwinkel<\/p>\n","protected":false},"excerpt":{"rendered":"<p>20 Jahre Wasserwander Gruppe des SV Stahl Finow Die Gruppe der Wasserwanderer des SV Stahl Finow gr\u00fcndete sich im Jahr 2002 auf Initiative von Uwe Schadwinkel. \u201e W\u00e4hrend meiner aktiven Zeit als Rennkanute paddelte ich unz\u00e4hlige Runden auf dem Finowkanal, dem Hausgew\u00e4sser unseres Vereins\u201c. In diesen Jahren wuchs in mir die Verbundenheit mit dem alten..<\/p>\n<p><a class=\"btn btn-default read-more\" href=\"https:\/\/www.kanu-finow.de\/?page_id=336\">Read more <span class=\"fa fa-angle-right\"><\/span><\/a><\/p>\n","protected":false},"author":1,"featured_media":4217,"parent":325,"menu_order":2,"comment_status":"closed","ping_status":"closed","template":"templates\/no-sidebar.php","meta":{"footnotes":""},"class_list":["post-336","page","type-page","status-publish","has-post-thumbnail","hentry"],"_links":{"self":[{"href":"https:\/\/www.kanu-finow.de\/index.php?rest_route=\/wp\/v2\/pages\/336","targetHints":{"allow":["GET"]}}],"collection":[{"href":"https:\/\/www.kanu-finow.de\/index.php?rest_route=\/wp\/v2\/pages"}],"about":[{"href":"https:\/\/www.kanu-finow.de\/index.php?rest_route=\/wp\/v2\/types\/page"}],"author":[{"embeddable":true,"href":"https:\/\/www.kanu-finow.de\/index.php?rest_route=\/wp\/v2\/users\/1"}],"replies":[{"embeddable":true,"href":"https:\/\/www.kanu-finow.de\/index.php?rest_route=%2Fwp%2Fv2%2Fcomments&post=336"}],"version-history":[{"count":6,"href":"https:\/\/www.kanu-finow.de\/index.php?rest_route=\/wp\/v2\/pages\/336\/revisions"}],"predecessor-version":[{"id":4223,"href":"https:\/\/www.kanu-finow.de\/index.php?rest_route=\/wp\/v2\/pages\/336\/revisions\/4223"}],"up":[{"embeddable":true,"href":"https:\/\/www.kanu-finow.de\/index.php?rest_route=\/wp\/v2\/pages\/325"}],"wp:featuredmedia":[{"embeddable":true,"href":"https:\/\/www.kanu-finow.de\/index.php?rest_route=\/wp\/v2\/media\/4217"}],"wp:attachment":[{"href":"https:\/\/www.kanu-finow.de\/index.php?rest_route=%2Fwp%2Fv2%2Fmedia&parent=336"}],"curies":[{"name":"wp","href":"https:\/\/api.w.org\/{rel}","templated":true}]}}